{"id":338,"date":"2026-01-18T21:19:51","date_gmt":"2026-01-18T21:19:51","guid":{"rendered":"https:\/\/matthieu-bissieres-echecs.com\/?page_id=338"},"modified":"2026-01-19T06:17:29","modified_gmt":"2026-01-19T06:17:29","slug":"animations","status":"publish","type":"page","link":"https:\/\/matthieu-bissieres-echecs.com\/index.php\/animations\/","title":{"rendered":"Animations"},"content":{"rendered":"\n<div style=\"height:13px\" aria-hidden=\"true\" class=\"wp-block-spacer\"><\/div>\n\n\n\n<h2 class=\"wp-block-heading alignwide has-text-align-center has-large-font-size\">Animations<\/h2>\n\n\n\n<p class=\"has-text-align-center has-medium-font-size\"><strong><em><mark style=\"background-color:rgba(0, 0, 0, 0);color:#cf2e2e\" class=\"has-inline-color\">Simultan\u00e9e :<\/mark><\/em><\/strong><\/p>\n\n\n\n<div style=\"height:13px\" aria-hidden=\"true\" class=\"wp-block-spacer\"><\/div>\n\n\n\n<figure class=\"wp-block-image aligncenter size-large is-resized\"><img loading=\"lazy\" decoding=\"async\" width=\"1024\" height=\"690\" src=\"https:\/\/matthieu-bissieres-echecs.com\/wp-content\/uploads\/2026\/01\/phppROHzZ-1024x690.png\" alt=\"\" class=\"wp-image-341\" style=\"aspect-ratio:1.4840955078915419;width:383px;height:auto\" srcset=\"https:\/\/matthieu-bissieres-echecs.com\/wp-content\/uploads\/2026\/01\/phppROHzZ-1024x690.png 1024w, https:\/\/matthieu-bissieres-echecs.com\/wp-content\/uploads\/2026\/01\/phppROHzZ-300x202.png 300w, https:\/\/matthieu-bissieres-echecs.com\/wp-content\/uploads\/2026\/01\/phppROHzZ-768x517.png 768w, https:\/\/matthieu-bissieres-echecs.com\/wp-content\/uploads\/2026\/01\/phppROHzZ-1536x1034.png 1536w, https:\/\/matthieu-bissieres-echecs.com\/wp-content\/uploads\/2026\/01\/phppROHzZ.png 1586w\" sizes=\"auto, (max-width: 1024px) 100vw, 1024px\" \/><figcaption class=\"wp-element-caption\"><em>Capablanca effectuant une simultan\u00e9e \u00e0 Berlin (1929).<\/em><\/figcaption><\/figure>\n\n\n\n<div class=\"wp-block-group alignwide is-vertical is-content-justification-center is-layout-flex wp-container-core-group-is-layout-791cfa49 wp-block-group-is-layout-flex\" style=\"margin-top:0;margin-bottom:0;padding-top:0;padding-right:0;padding-bottom:0;padding-left:0\">\n<p class=\"has-text-align-left\">Vous avez envie d\u2019offrir une animation originale ? Pensez \u00e0 l\u2019organisation d\u2019une simultan\u00e9e <br>avec un Ma\u00eetre de la F\u00e9d\u00e9ration Internationale.<br><br><strong>Tarif : \u00e0 d\u00e9terminer selon la dur\u00e9e et le nombre de participants. <a href=\"https:\/\/matthieu-bissieres-echecs.com\/index.php\/contact\/\" data-type=\"page\" data-id=\"263\"><mark style=\"background-color:rgba(0, 0, 0, 0)\" class=\"has-inline-color has-ast-global-color-1-color\">Demande de devis.<\/mark><\/a><\/strong><\/p>\n<\/div>\n\n\n\n<p class=\"has-text-align-center has-medium-font-size\"><strong><em><mark style=\"background-color:rgba(0, 0, 0, 0);color:#cf2e2e\" class=\"has-inline-color\">Journ\u00e9e animation :<\/mark><\/em><\/strong><\/p>\n\n\n\n<div class=\"wp-block-group alignwide is-vertical is-content-justification-center is-layout-flex wp-container-core-group-is-layout-791cfa49 wp-block-group-is-layout-flex\" style=\"margin-top:0;margin-bottom:0;padding-top:0;padding-right:0;padding-bottom:0;padding-left:0\">\n<p class=\"has-text-align-left\">Vous voulez faire conna\u00eetre votre club, <strong>M<\/strong>atthieu <strong>B<\/strong>issi\u00e8res <strong>E<\/strong>checs vous propose des solutions <br>pour dynamiser votre structure.<br><br><strong>Tarif : <a href=\"https:\/\/matthieu-bissieres-echecs.com\/index.php\/contact\/\" data-type=\"page\" data-id=\"263\"><strong><a href=\"https:\/\/matthieu-bissieres-echecs.com\/index.php\/contact\/\" data-type=\"page\" data-id=\"263\"><mark style=\"background-color:rgba(0, 0, 0, 0)\" class=\"has-inline-color has-ast-global-color-1-color\">devis sur demande<\/mark><\/a><\/strong><\/a><\/strong><\/p>\n<\/div>\n\n\n\n<div style=\"height:13px\" aria-hidden=\"true\" class=\"wp-block-spacer\"><\/div>\n\n\n\n<p><\/p>\n","protected":false},"excerpt":{"rendered":"<p>Animations Simultan\u00e9e : Vous avez envie d\u2019offrir une animation originale ? Pensez \u00e0 l\u2019organisation d\u2019une simultan\u00e9e avec un Ma\u00eetre de [&hellip;]<\/p>\n","protected":false},"author":2,"featured_media":0,"parent":0,"menu_order":0,"comment_status":"closed","ping_status":"closed","template":"","meta":{"site-sidebar-layout":"default","site-content-layout":"","ast-site-content-layout":"default","site-content-style":"default","site-sidebar-style":"default","ast-global-header-display":"","ast-banner-title-visibility":"","ast-main-header-display":"","ast-hfb-above-header-display":"","ast-hfb-below-header-display":"","ast-hfb-mobile-header-display":"","site-post-title":"disabled","ast-breadcrumbs-content":"","ast-featured-img":"","footer-sml-layout":"","ast-disable-related-posts":"","theme-transparent-header-meta":"","adv-header-id-meta":"","stick-header-meta":"","header-above-stick-meta":"","header-main-stick-meta":"","header-below-stick-meta":"","astra-migrate-meta-layouts":"default","ast-page-background-enabled":"default","ast-page-background-meta":{"desktop":{"background-color":"var(--ast-global-color-5)","background-image":"","background-repeat":"repeat","background-position":"center center","background-size":"auto","background-attachment":"scroll","background-type":"","background-media":"","overlay-type":"","overlay-color":"","overlay-opacity":"","overlay-gradient":""},"tablet":{"background-color":"","background-image":"","background-repeat":"repeat","background-position":"center center","background-size":"auto","background-attachment":"scroll","background-type":"","background-media":"","overlay-type":"","overlay-color":"","overlay-opacity":"","overlay-gradient":""},"mobile":{"background-color":"","background-image":"","background-repeat":"repeat","background-position":"center center","background-size":"auto","background-attachment":"scroll","background-type":"","background-media":"","overlay-type":"","overlay-color":"","overlay-opacity":"","overlay-gradient":""}},"ast-content-background-meta":{"desktop":{"background-color":"var(--ast-global-color-4)","background-image":"","background-repeat":"repeat","background-position":"center center","background-size":"auto","background-attachment":"scroll","background-type":"","background-media":"","overlay-type":"","overlay-color":"","overlay-opacity":"","overlay-gradient":""},"tablet":{"background-color":"var(--ast-global-color-4)","background-image":"","background-repeat":"repeat","background-position":"center center","background-size":"auto","background-attachment":"scroll","background-type":"","background-media":"","overlay-type":"","overlay-color":"","overlay-opacity":"","overlay-gradient":""},"mobile":{"background-color":"var(--ast-global-color-4)","background-image":"","background-repeat":"repeat","background-position":"center center","background-size":"auto","background-attachment":"scroll","background-type":"","background-media":"","overlay-type":"","overlay-color":"","overlay-opacity":"","overlay-gradient":""}},"footnotes":""},"class_list":["post-338","page","type-page","status-publish","hentry"],"_links":{"self":[{"href":"https:\/\/matthieu-bissieres-echecs.com\/index.php\/wp-json\/wp\/v2\/pages\/338","targetHints":{"allow":["GET"]}}],"collection":[{"href":"https:\/\/matthieu-bissieres-echecs.com\/index.php\/wp-json\/wp\/v2\/pages"}],"about":[{"href":"https:\/\/matthieu-bissieres-echecs.com\/index.php\/wp-json\/wp\/v2\/types\/page"}],"author":[{"embeddable":true,"href":"https:\/\/matthieu-bissieres-echecs.com\/index.php\/wp-json\/wp\/v2\/users\/2"}],"replies":[{"embeddable":true,"href":"https:\/\/matthieu-bissieres-echecs.com\/index.php\/wp-json\/wp\/v2\/comments?post=338"}],"version-history":[{"count":11,"href":"https:\/\/matthieu-bissieres-echecs.com\/index.php\/wp-json\/wp\/v2\/pages\/338\/revisions"}],"predecessor-version":[{"id":376,"href":"https:\/\/matthieu-bissieres-echecs.com\/index.php\/wp-json\/wp\/v2\/pages\/338\/revisions\/376"}],"wp:attachment":[{"href":"https:\/\/matthieu-bissieres-echecs.com\/index.php\/wp-json\/wp\/v2\/media?parent=338"}],"curies":[{"name":"wp","href":"https:\/\/api.w.org\/{rel}","templated":true}]}}